s of v?
2, 13
Let h(k) = -k**2 + 9*k - 2. Let q be h(9). Let x = q + 5. What are the prime factors of 0 + 0 + x + 3?
2, 3
Let g be 4/((-48)/(-9)) - 582/8. Let n = 172 + g. What are the prime factors of n?
2, 5
Let t(y) = 17*y**2 - 8*y - 29. What are the prime factors of t(-5)?
2, 109
Let v(b) = b**2 - 6*b + 18. What are the prime factors of v(3)?
3
Let g(q) = q**3 - 6*q - 7. Let u be g(-2). List the prime factors of (u - 0)/((-21)/532).
2, 19
Let d = -417 + 846. List the prime factors of d.
3, 11, 13
Let f = 193 + 68. List the prime factors of f.
3, 29
Suppose -2 = 4*v - 2*v. Let i(l) = 4*l**2 - 15*l**2 + 29*l**2 + l + 1 + 5*l**2. List the prime factors of i(v).
23
Let t(j) be the first derivative of 3 + 0*j + 4*j - j**2 + 0*j. What are the prime factors of t(-4)?
2, 3
Let x(u) = u**3 - 8*u**2 - u + 10. Suppose 2*f + 40 = 7*f. Let r be x(f). List the prime factors of 5*(88/20)/r.
11
Let u(k) = -k**3 + 7*k**2 + k - 8. Let x be u(7). Let c(v) be the third derivative of 17*v**5/60 - v**4/12 - v**3/6 - v**2. List the prime factors of c(x).
2, 3
Suppose 3*g - 10007 = 2*b, g - 1119 = -2*b + 2214. What are the prime factors of g?
5, 23, 29
Let t(u) be the third derivative of u**4/24 + 7*u**3/6 + 9*u**2. Let m be t(18). Suppose -h + m = 8. What are the prime factors of h?
17
Suppose -15 = 3*x, 0 = 3*o - 3*x - 492 - 180. What are the prime factors of o?
3, 73
Let w(m) = -112*m**3 + 7*m**2 + 16*m. What are the prime factors of w(-2)?
2, 223
Suppose -19*i + 20*i - 4 = 0. Let j(q) = 59*q - 15. List the prime factors of j(i).
13, 17
Suppose 0 = 4*n - 4 - 12. Let g be n/(2 - (-8)/(-12)). Suppose -h = -g*h + 28. What are the prime factors of h?
2, 7
Let x(c) = -2*c**3 + 18*c**2 - 3*c - 8. What are the prime factors of x(8)?
2, 3
Let c = 45 - 63. Let l = -9 - c. Let p = 24 + l. List the prime factors of p.
3, 11
Let n be 1/(-3) + 21/9. Suppose 5*m - 265 = -7*y + n*y, -5*y + 2*m = -272. What are the prime factors of y?
2, 3
Let v(g) = g**2 - 4*g - 8. Let h be v(5). What are the prime factors of (-28)/h*(-9)/(-6)?
2, 7
Let x = -34 + 34. Suppose x = -7*w + 154 + 70. List the prime factors of w.
2
Suppose -a - 20 = -32. Suppose f - 6*f = -125. Let l = f - a. List the prime factors of l.
13
Let o be (20/30)/((-1)/6). Let i be -1 + 1/(-2)*-8. What are the prime factors of (-22)/(1/(i + o))?
2, 11
Let c(g) = -g**2 + g + 246. Let v be c(0). Suppose 2*j - 4*t - v = -0*t, j - 126 = -t. List the prime factors of j.
5
Let y = 12 + -14. Let z(h) = h**3 + h**2 - 3*h - 3. Let g be z(y). Let l = 18 - g. List the prime factors of l.
19
Suppose 3*l - 9 = -3, -l = 5*c - 777. Suppose -7*i + 2*i = -25. Suppose i*f - c = -0*f. List the prime factors of f.
31
Let v(a) = 10*a**2 - 24*a - 142. List the prime factors of v(-9).
2, 13, 17
Suppose p = -3 - 0, t - 5*p = -76. Let q = 24 - t. What are the prime factors of q?
5, 23
Suppose 0 = 5*y - 0*v - 2*v - 1746, -702 = -2*y + 2*v. List the prime factors of y.
2, 3, 29
Suppose -3*r - i - 3806 = -8*r, 5*r - 3822 = -3*i. List the prime factors of r.
2, 3, 127
List the prime factors of -60 + 63 - (-1023 + -1).
13, 79
Let r = 6375 - 3952. List the prime factors of r.
2423
Let l(z) be the second derivative of -z**4/12 - 2*z**3 - 15*z**2/2 + z. Let h be l(-10). What are the prime factors of 3*(-88)/(-60)*h?
2, 11
Let s be -21*24/28*1. Let v = s + -12. What are the prime factors of (v/(-4))/((-3)/(-18))?
3, 5
Suppose 4*b - 4*k - 592 = 0, -2*b - 2*k + 291 = -3*k. Suppose -b - 317 = -4*w. What are the prime factors of w?
5, 23
Let r(i) = 165*i**2 + 9*i + 10. List the prime factors of r(-2).
2, 163
Suppose -7*r = -34 - 1. List the prime factors of (r/(5/(-38)))/((-6)/9).
3, 19
Let u = 2234 + -1550. What are the prime factors of u?
2, 3, 19
Let d = -1494 + 1694. What are the prime factors of d?
2, 5
Suppose -5*y + 878 = 3*t - 2545, y - 2275 = -2*t. What are the prime factors of t?
2, 71
What are the prime factors of 8786/12 - (-24)/(-144)?
2, 3, 61
Let w(a) = 3*a**2 - 29*a - 12. Let l be w(12). Let d = l - -20. List the prime factors of d.
2, 23
Let u be 0*(-2)/2 + 7. Suppose 7*r - 8 = 3*r. Let v = u - r. List the prime factors of v.
5
Suppose 0 = -5*a + 3*c + 156, -3*c - 2*c = -a + 18. Suppose 7*n + a = 691. List the prime factors of n.
2, 47
Suppose 0 = 56*t - 48*t - 632. What are the prime factors of t?
79
Suppose 9*u - 608 = 5755. List the prime factors of u.
7, 101
Let t = -67 - -584. What are the prime factors of t?
11, 47
Let n(j) = 99*j**3 + 3*j**2 - 3*j. Let w(k) = -98*k**3 - 4*k**2 + 4*k. Let h(i) = 5*n(i) + 4*w(i). What are the prime factors of h(1)?
103
Suppose 1395 = -12*v + 21*v. List the prime factors of v.
5, 31
Suppose -38*v = 20*v - 226548. List the prime factors of v.
2, 3, 7, 31
Let o be (-7*6 - 2)/(-2). Suppose -2*p + p + o = 0. Suppose -p = -g + 2. List the prime factors of g.
2, 3
Let a be (-3 + 2 - -4) + 7. Let u = 36 - a. Let n = u - 14. List the prime factors of n.
2, 3
Let i(z) be the first derivative of 11*z**3/3 + 5*z - 7. List the prime factors of i(2).
7
Let y = 1591 + -649. What are the prime factors of y?
2, 3, 157
Let h = 10 - 7. Suppose 2*n + 5*u = 0, -h*u = -2*n + u - 36. What are the prime factors of (-142)/(-7) + n/35?
2, 5
Let i(l) = -6*l - 6. Let q be i(16). List the prime factors of 25/(-5)*q/5.
2, 3, 17
Suppose -8*y = 5*k - 4*y - 2363, 5*y = k - 461. List the prime factors of k.
3, 157
Suppose -395 - 37 = -8*y. Suppose 4*q - 2*z = -y, q + 3*z + 10 = -7. What are the prime factors of (q/(-5))/((-3)/(-15))?
2, 7
Let j be -3 - -4*(-9)/(-6). Let c be 0/(-2*(j + -4)). Suppose c = 2*g + 5*d - 24, 2*g + 2*g - 5*d + 12 = 0. What are the prime factors of g?
2
Suppose -a + 491 = -2*o - 0*o, 4*a - 5*o - 1949 = 0. List the prime factors of a.
13, 37
Let n = -19 + -1. Let b = -13 - n. Suppose -b*v = -2*v - 20. What are the prime factors of v?
2
What are the prime factors of ((-51)/(-30)*16)/((-3)/(-15))?
2, 17
Let y = -235 + 265. What are the prime factors of y?
2, 3, 5
Suppose 2*q - 60 = -0*q. Let u = q + -37. What are the prime factors of (-373)/u + 14/(-49)?
53
Let u(h) = -h**3 - 2*h**2 + 2. Let x be u(-2). Let z(r) = -r + 4. Let b be z(x). Suppose 12 = k - p, 0 = k + 2*p + b*p - 17. What are the prime factors of k?
13
Suppose 66 - 170 = -2*d. Suppose -2*j + a + 114 = 0, 337 = 5*j - 3*a + d. What are the prime factors of j?
3, 19
Let o be -27*(-10 - -1) - -1. Let m = o - -272. List the prime factors of m/16 + (-1)/4.
2
Let w be 4 + -3 + 1 - 0. Suppose -a - 76 = -4*q - w*a, 38 = 2*q + 3*a. What are the prime factors of q?
19
Suppose 2*y - o = -y - 8, 0 = -4*y + o - 10. List the prime factors of y + 13/((-52)/(-336)).
2, 41
Suppose 0 = -3*g - n - 11 + 1, -g + 4*n = 25. Let u(i) = i**3 + 7*i**2 + 5*i + 2. List the prime factors of u(g).
3
Let z = 8 + -9. Let f be (1 - z)*18/12. Suppose 0 = -f*c - 5 + 20. What are the prime factors of c?
5
Let x(v) = -3*v**3 + 11*v**2 - 3*v + 47. List the prime factors of x(-7).
2, 409
Suppose 0 = -14*h + 11*h + 69. Let c(w) = w**2 - 11*w - 71. What are the prime factors of c(h)?
5, 41
Suppose 20 = 6*s - s. Suppose s*w + 20 = 5*w. Suppose w + 9 = t. List the prime factors of t.
29
Let k be (4*5)/(6/48). Suppose -6*m = -2*m - k. What are the prime factors of m?
2, 5
Let q(p) = -8*p**3 + 3*p**2 + 4*p - 4. List the prime factors of q(-2).
2
Suppose 4*t + 5*f + 617 = 8*t, -20 = 4*f. Suppose -k = -8*b + 4*b - t, 0 = 2*k - 4*b - 304. What are the prime factors of k?
2, 3, 13
What are the prime factors of 47/15 + -3 + (-124222)/(-285)?
2, 109
List the prime factors of 1636*((-21)/63)/((-2)/3).
2, 409
Let t be (2 + 11 - 5) + -1. What are the prime factors of 42/(-98) + 1550/t?
13, 17
Suppose -2*o = -3*p - o - 2, 3*o - 6 = -p. Suppose -12*m + 8*m + 388 = p. What are the prime factors of m?
97
Let k be 604/(-5)*20/8. Let x = -129 - k. What are the prime factors of x?
173
List the prime factors of 55/15 - (-2)/6.
2
Suppose 56*o - 58*o = 5*b - 14355, -2*o + 8609 = 3*b. What are the prime factors of b?
13, 17
Let v = 445 - 263. List the prime factors of v.
2, 7, 13
Let x(i) = i**3 - 4*i**2 - 7*i + 4. Suppose -5*a + 15 = 0, 2*c + 2 = 3*a + 3. Let l be x(c). What are the prime factors of (-253)/(-66) - 1/l?
2
Let d = -431 - -1811. List the prime factors of d.
2, 3, 5, 23
Let n be 0/(-5) + 35/(-1).